uate 5 - 12 - -5 - 3.
-5
(2 + 2 - (3 - 5)) + 0
6
Calculate 1 - (-4 + (3 - -5)).
-3
Evaluate (-2 + 0 - 2) + 3.
-1
What is 14 + (-10 - -5 - 5)?
4
8 + -1 + -4 + -6
-3
What is (0 - -1) + -1 + 0 + -1?
-1
Calculate 5 + -12 - (3 + 1).
-11
Calculate 1 - 6 - (6 + -2) - -5.
-4
-4 + 3 + 0 - 6
-7
6 + (1 + -1 - 2) + -9
-5
Evaluate -4 - 7 - -4 - -8.
1
Calculate (5 - 3) + (-7 - (2 + -7)).
0
What is the value of -11 + (-2 - -4) - -14?
5
Evaluate 9 - 2 - (-2 - -3 - 2).
8
Calculate 0 - -2 - (0 + -1) - -1.
4
Evaluate (4 - 8) + 6 + (0 - -3).
5
Calculate (-2 - 0) + -1 + -6 + 4.
-5
Calculate (7 - (4 + 5)) + 0 + -2.
-4
5 + 2 + (-11 - (-5 + -3))
4
What is the value of 0 - (-7 - -2 - (-7 - 2))?
-4
(6 - -5 - -4) + -11
4
Evaluate 3 + (4 - (-2 - -4)) + -10.
-5
Calculate 7 + (-1 - -3 - 10).
-1
Evaluate 5 + -3 - (9 + 3 + -5).
-5
What is 6 + 5 + (2 - 8)?
5
What is the value of -44 - -26 - (3 - 16)?
-5
Calculate (17 - 10) + 7 + -18.
-4
(-1 - -8) + (-17 - -8)
-2
Evaluate 8 + -15 - (7 + -10).
-4
What is the value of 0 - (-18 - -4) - 10?
4
What is the value of -117 + 109 - (-17 + (-2 - -3))?
8
What is -9 - (11 - (-14 + 31))?
-3
Evaluate 3 + 1 + 9 + -11.
2
(0 - 11 - -13) + 5
7
Evaluate (6 - -4) + -3 - (3 + -3).
7
Calculate -3 - (-1 - 6 - (28 + -33)).
-1
Calculate 4 - (-2 - (4 + -8)).
2
8 + -5 + -3 + 2 + 1
3
4 + -2 + -6 + 8
4
What is -2 - -1 - (5 + -4)?
-2
What is the value of 2 + -1 + 0 - (806 + -804)?
-1
-4 + 1 - (3 + (-10 - -2))
2
(5 - (-10 - -4)) + -18
-7
What is -1 + (-1 - (5 + 6 - 7))?
-6
Calculate -7 + -1 + (10 - 0).
2
-6 - (9 - 13) - -5
3
(3 - (1 + 2 + -4)) + -1
3
What is -1 - (-4 + (9 - 4))?
-2
What is the value of 4 - (-2 + -5 - -6)?
5
Evaluate 0 + 0 - 0 - (106 + -104).
-2
What is 2 - ((2 - (0 + 3)) + 0)?
3
Calculate 3 - (6 - (-7 - -13)).
3
-3 - (-7 + (1 - -4)) - 3
-4
What is the value of -2 - (4 - 0) - -9?
3
What is -5 + 2 + (-31 - -26)?
-8
Evaluate (-4 - 6) + 5 + 0 + 11.
6
Calculate 3 + 0 - -1 - 0.
4
What is (-17 - -13) + 1 + -1?
-4
Evaluate 10 + -1 + 5 + -10.
4
What is (-5 - 1) + 1 - (26 - 28)?
-3
What is 3 + -3 + (1 + 0 - 2)?
-1
What is the value of -3 + 0 - (-13 + 17)?
-7
Evaluate 8 + -6 - ((2 - 2) + 4).
-2
What is the value of -11 - -7 - (-5 + -2)?
3
What is the value of 9 - (1 - -4 - -1)?
3
-7 + 8 + -3 - -4
2
Evaluate -2 + 6 + (-10 - -6).
0
Calculate (-2 - (-3 + -1 - -3)) + 0.
-1
What is 7 + (-5 - -7 - (6 - 3))?
6
Calculate (-11 - -10) + -1 - 0.
-2
What is 6 + -7 + (-5 - -12)?
6
Calculate 1 + -2 + -3 + -1.
-5
What is the value of -1 - 0 - 1 - -2 - -2?
2
Calculate -2 + (-3 + 8 - 0).
3
Calculate (0 - 6) + 0 + (1 - 2).
-7
1 - -3 - 7 - -3
0
Evaluate 9 + -7 - 5 - (-2 + 6).
-7
Calculate -1 - (5 + 0 + (1 - 11)).
4
7 + -2 + -10 + 0 + 7
2
Evaluate 2 + -6 - (-4 - -4).
-4
Calculate -1 - (-6 + 13 + -2 - -1).
-7
Evaluate -3 - (3 + -3 + -2).
-1
Calculate -15 + 0 - (-28 + 20).
-7
What is -1 + -10 + -1 + 7?
-5
-6 - (1 + -4) - -8
5
What is the value of 6 + (-2 - (-2 - -4))?
2
What is the value of (-2 - 0 - -5) + 4 + -3?
4
Evaluate 4 + (1 - -1 - 13).
-7
1 + -4 + -3 - -10
4
(6 - 0) + -11 - -6
1
What is -5 - (3 - 7) - (-1 - -4)?
-4
8 - 2 - 6 - 2
-2
What is the value of -5 + 6 + (0 - 8)?
-7
Evaluate (6 - 1) + (0 - 4 - 1).
0
Evaluate 17 + -19 + 0 + 5 + -1.
2
Evaluate 1 + (1 - 0 - 6) + 2.
-2
What is 2 + (7 - 8 - 7)?
-6
What is (4 - 2 - 6) + 4?
0
Calculate -10 + -3 - (-6 - 12).
5
Calculate -11 + -11 + 8 + 7.
-7
What is the value of -4 + 16 - (6 - -6)?
0
Calculate -3 + (2 - -5) + 0.
4
2 - -6 - 21 - -3
-10
(-1 + 0 - 0) + 2
1
What is 14 + -2 + -9 - 10?
-7
Evaluate 6 + -8 - (-6 + 1).
3
Calculate -6 + 0 + (56 - 46).
4
Evaluate 1 - -13 - (-22 + 20 + 5).
11
Calculate 5 - (-4 - ((0 - 2) + -5)).
2
What is the value of -3 - (0 - -5 - 6)?
-2
Calculate -1 + 3 - (19 + (-14 - 1)).
-2
Evaluate 1 + -3 - (2 + -2).
-2
Calculate -1 + 0 + 1 + 3 + 0.
3
Calculate -20 + 23 + 1 + (1 - 1).
4
What is the value of -1 + -10 + -3 + 10?
-4
What is the value of (-5 - -1) + (77 - 69)?
4
Evaluate 1 + 8 + 12 + -22.
-1
Evaluate 5 - (-14 + 9 + 5).
5
1 + 1 + -8 + 3
-3
1 + 1 + -18 + 21
5
-8 + 3 - (-9 + (3 - 6))
7
What is the value of 4 - (-2 + -6 - -6)?
6
Calculate 10 + -4 + -1 - 5 - -1.
1
Calculate -9 + 5 + 4 - 1 - 4.
-5
11 + -10 + 1 + 6
8
Evaluate 3 - (9 + (-14 - -7)).
1
-6 - (-1 + -9 + 14)
-10
What is the value of -7 - (-6 - (-1 + 0))?
-2
Evaluate (-14 - -6) + 4 + 0.
-4
0 + -5 + (-2 - -8) - 7
-6
Calculate 5 + -2 + 10 + -11.
2
Calculate 10 + (7 - (11 - -3)).
3
-6 - (-12 + 0) - 5
1
What is 4 + 5 + 0 + -3?
6
What is (-4 - -5) + 0 + (-5 - -1)?
-3
Calculate (1 - (-6 + 2 - -7)) + 7.
5
Calculate 1 + -2 + (2 - 6).
-5
Evaluate 23 + -17 + (1 - (0 + 11)).
-4
3 - (3 + (-5 - -4))
1
What is the value of (0 - 7) + (-7 - -6) + 18?
10
What is the value of -50 - -46 - (-9 - 0)?
5
Evaluate -7 + 0 + 3 + -2 + 1.
-5
Calculate -2 + 1 + 12 + -7.
4
1 - (-1 + (-2 - -8))
-4
What is (11 - 9 - -1) + -10?
-7
What is 8 - (-4 + -2 - -10)?
4
Calculate 1 + 9 + 5 + -5 + -4.
6
Calculate (6 - ((1 - -11) + -5)) + -3.
-4
What is 0 + 4 + -3 + 1?
2
(3 - 2) + -3 - (1 + 1)
-4
What is the value of (5 - 10) + 1 + 7?
3
What is 4 - ((-4 - -6) + 1)?
1
Calculate -9 + 7 + 1 + -2.
-3
Calculate (-2 - -3) + -25 + 15 + 4.
-5
What is the value of -12 + (15 - 6) - (1 - 2)?
-2
What is the value of 10 + (-9 - -7 - 10)?
-2
Evaluate -6 + 14 + -19 + 16.
5
Evaluate -1 + 4 + 5 + -6 + 3.
5
What is -3 + (4 + 0 - 4) + -1?
-4
Calculate 9 - (5 - (8 + -5 + -3)).
4
What is -3 + (1 - 5 - -2)?
-5
Calculate (-3 - -6 - 3) + -4.
-4
Evaluate 1 + -3 + (3 - 5).
-4
5 - (1 + (-3 - (-13 - -5)))
-1
What is the value of 0 - -3 - (-4 + 8 + -2)?
1
What is the value of -7 - (0 - 3) - (5 - 5)?
-4
What is the value of (-7 - -5) + 0 - (0 - 1)?
-1
Evaluate -1 - (1 - 3) - (-416 - -414).
3
What is the value of -4 - ((10 - -4) + -11)?
-7
What is (3 + -11 - -12) + -13?
-9
Calculate (13 + 5 - 6) + -6 - 1.
5
What is the value of (9 - 1) + 4 + -7?
5
((-10 - -3) + 5 - -3) + -6
-5
What is 5 + -1 - (3 + 2 + -3)?
2
(16 - ((5 - -4) + -6)) + -8
5
What is -3 + 7 - (3 + 5)?
-4
Calculate 1 + 2 + 2 + -2 - -2.
5
5 - (5 + -1 + -2)
3
Calculate -3 + 4 + -1 + (-4 - 0).
-4
Calculate 3 - (-1 - (2 - (-2 + 6))).
2
What is the value of (-2 - (5 + -5) - 4) + 1?
-5
What is (-2 - 1) + (6 - 4 - 3)?
-4
What is 1 + -4 + (2 - 0) + 2?
1
What is the value of -4 - -9 - (4 - -5)?
-4
Evaluate 1 - 2 - ((3 - 4) + -1).
1
Evaluate 5 - 2 - 1 - (0 + 2).
0
What is 5 - (-6 - (4 + -8) - -14)?
-7
Calculate 2 + -4 + 2 + -3.
-3
Evaluate 0 + -4 + 3 + -6 + 2.
-5
Evaluate 10 + -2 + (3 - 6).
5
What is -1 + ((5 - 12) + 4 - -3)?
-1
Evaluate 21 + -9 - (6 - 3).
9
What is the value of 4 - (2 + -4 + 9 - 4)?
1
Calculate 1 + 0 + (-1 - 0) + -2.
-2
4 + -3 + -6 + 3
-2
Evaluate (3 - -1) + -11 - -6.
-1
Evaluate -6 - -2 - (-9 + -10 + 13).
2
What is 0 - (-9 + 12 + -1)?
-2
Evaluate -10 + 9 + (2 - -2).
3
What is 33 + -40 + (5 - 1) + -4?
-7
(2 - -3) + 6 + -9
2
(2 - 4) + -7 + 6 + -5
-8
Calculate 10 + (-8 - (-8 - -6)).
4
Calculate (4 - 1) + 0 + 1.
4
What is the value of (5 - 2) + (-5 + 2 - 5)?
-5
Calculate -1 + 7 + -4 - -3.
5
Evaluate -1 + -9 + 7 + -3.
-6
What is the value of (-3 - -6) + -3 + (8 - 9)?
-1
What is 126 + -137 + (0 - 0)?
-11
What is 2 + -4 + (-16 - -20)?
2
What is (2 - -15) + (-83 - -70)?
4
What is -6 + (8 - 3 - -4)?
3
What is 2 + 3 + (-5 - 5)?
-5
Calculate -8 + (2 - 12) - -12.
-6
Calculate -8 + -2 + (11 - 5).
-4
Evaluate 4 - (-3 + (0 - (-6 + 4))).
5
-4 - (-6 - (-4 + (3 - 7)))
-6
Evaluate 6 + -5 + -5 - 0.
-4
What is the value of -3 + -8 + 1 + -3 + 7?
-6
What is 3 - (2 + 3 + 1)?
-3
4 + 2 + -2 - 4
0
What is 0 + 0 - (-8 - (-4 - -1))?
5
What is 4 - 7 - -1 - 0 - 3?
-5
What is 5 - (-7 + 8 - 0)?
4
Calculate -1 + (5 - 5) - 3.
-4
0 - (-3 + 3) - (5 + -1)
-4
What is the value of 6 - (-9 - (-17 - -10))?
8
Evaluate (14 + -5 + -5 - 3) + 1.
2
Evaluate 31 + -30 - (5 - -1).
-5
Calculate 2 + (0 - (3 + -6)).
5
Evaluate 2 - -2 - (3 + 1).
0
Evaluate -2 - (5 - (-12 - -8)).
-11
(10 + -4 - -7) + -7 - 3
3
Evaluate 16 + (5 + -5 - 5) - 5.
6
What is the value of 2 - 1 - 4 - 2?
-5
What is the value of -3 + 1 - (6 - (19 - 6))?
5
What is the value of -1 + 1 + 5 - (34 - 25)?
-4
Calculate (-8 - 2) + 8 + 3 - -8.
9
Calculate -13 + 8 - -2 - -7.
4
5 - (13 - (6 - 0)) - -6
4
Calculate (-15 + 5 + 1 - -7) + 6.
4
0 + 0 + (-39 - -44)
5
Calculate 0 - ((7 - 10) + 4 + 2).
-3
Calculate (4 + -4 - 0) + -7 + 6.
-1